 - 3). List the prime factors of ((-2)/(-4) - -1)/((-12)/g).
2, 3
Let c = 10081 + -5267. List the prime factors of c.
2, 29, 83
Let n(v) = 7*v**3 - 8*v**2 + 6*v - 5. What are the prime factors of n(4)?
3, 113
Let h(w) = -3*w - 1. Let m be h(-2). Suppose 5*t - 6 - m = 2*l, 0 = -2*l + 3*t - 13. What are the prime factors of ((-492)/48)/(2/l)?
41
Suppose -3270 = -64*o + 59*o. What are the prime factors of o?
2, 3, 109
Suppose 0 = 3*g + 5*h - 2*h - 252, 0 = -3*g - 2*h + 254. What are the prime factors of g?
2, 43
Let d(m) = m**3 + 11*m**2 + 9*m - 7. Let u be d(-10). Suppose 0 = -u*b + 13 + 74. List the prime factors of b.
29
Let v(y) = y**3 - 6*y - 6. Let c(b) = b + 1. Let s(i) = -3*c(i) - v(i). What are the prime factors of s(-3)?
3, 7
Let o be 2 + -3 - -3 - 29. Let v = o + 48. List the prime factors of v.
3, 7
Suppose 0 = 5*p - 20, 27*p - 8696 = -4*z + 30*p. What are the prime factors of z?
7, 311
Let z(s) = -s**3 - 24*s**2 + 211*s + 64. List the prime factors of z(-31).
2, 5
Let m = -3977 - -6934. What are the prime factors of m?
2957
Let k = -16 + 13. Let t be 6/k + 180/2. Suppose t = 5*c - c. What are the prime factors of c?
2, 11
Let d = 6717 + -2210. List the prime factors of d.
4507
Let s(n) be the third derivative of n**6/120 + n**5/15 + n**4/12 + 2*n**3/3 - 2*n**2. Let f be s(-4). Let b = f - -6. List the prime factors of b.
2
Let o(w) = 5*w**2 + 6*w + 20. List the prime factors of o(-7).
223
Let u be 9*3 + (-4)/(-1). Suppose -w + u + 16 = 0. List the prime factors of w.
47
Suppose -h + 1422 = -477. List the prime factors of h.
3, 211
Suppose -n + 2*n = 0. Let f be 2/(4/(-2)) + n. List the prime factors of 28 + 1 + -1 + f.
3
Let c = -101 + 159. Let b(v) = 8*v + 20. Let l be b(-6). Let k = c + l. What are the prime factors of k?
2, 3, 5
Suppose 4 = -2*t, n + 3*t - 365 = 99. What are the prime factors of n?
2, 5, 47
Let z = 41 - -123. Let a = -100 + z. What are the prime factors of a?
2
Suppose 11*z - 12*z - 8 = 0. List the prime factors of (z/6)/(14/(-735)).
2, 5, 7
Let u = 7 + -4. Suppose u*n = -10 + 4. List the prime factors of (-2 - -12) + 4/n.
2
Suppose 0 = 2*k + 7*k. Suppose k*y + 2*y - 6 = 0. Suppose -2*g = y*g - 360. What are the prime factors of g?
2, 3
Suppose 854 = 5*r - 2871. Suppose 5*v + 2*b = r, -5*b + b = 0. List the prime factors of v.
149
Let y = 0 - 22. Let x = y + 38. Suppose 9*q = 8*q + x. List the prime factors of q.
2
Suppose -9*i = 2*r - 8*i - 395, r - 4*i - 220 = 0. What are the prime factors of r?
2, 5
Let v(i) = 3*i**2 - 10*i - 29. What are the prime factors of v(-6)?
139
Let p(t) be the second derivative of t**5/10 - t**4/2 + t**3 - t**2/2 - 3*t. Let m be p(4). Suppose 11*l - 6*l = m. List the prime factors of l.
11
Let t = -906 + 1046. What are the prime factors of t?
2, 5, 7
Suppose b + 4*x - 190 = 0, 3*b + 190 = 4*b + 2*x. Let z = -95 + b. What are the prime factors of z?
5, 19
Let p(r) = -12*r + 5. Let m be p(-4). Suppose 0 = -3*y + o + 420, -m - 244 = -2*y - 5*o. List the prime factors of y.
3, 47
Let l = -21 - 0. What are the prime factors of 2/(-3) - 749/l?
5, 7
Let x(l) = l**3 + 6*l**2 + 4*l + 26. Let s be x(-6). List the prime factors of (1/4*s)/((-3)/(-696)).
2, 29
Let a(z) = 624 - 2*z - z - 589. What are the prime factors of a(6)?
17
Let i(z) = z**3 + 15*z**2 + 11*z - 22. Let s be (1/(-2))/(-4 - 339/(-84)). What are the prime factors of i(s)?
2, 5
Suppose -3*r + 2 = -2*r. Suppose r*v + 0*i = -4*i - 6, 15 = -v - 5*i. List the prime factors of ((-4)/(-5))/(v/50).
2
Suppose 7287 = 5*l + 3*m + 1384, -m - 3539 = -3*l. Let k be 6/21 + l/35. List the prime factors of k/3 + 22/33.
2, 3
Let r be 34/10 - 4/10. Suppose 21*i + 11 = 53. Suppose 5*a - 119 = -i*m, 5*a - 123 = -r*m - m. What are the prime factors of a?
23
What are the prime factors of ((-30)/12 - -1)/((-10)/18700)?
3, 5, 11, 17
Suppose -n = b + 4, 4*b - 2*b + 4 = 2*n. Let d(t) = -2*t + 34*t**2 - 14 + t + 12. What are the prime factors of d(n)?
3, 11
Let f = 1597 + -1599. Let x(d) = 0 - 2*d - 3*d + 3*d**2 - 5. List the prime factors of x(f).
17
Suppose 5*l = 3*v - 0*l - 71, 5*l = v - 7. Suppose v*z + 81 = 33*z. What are the prime factors of z?
3
Suppose -2*k + 9 = k, k - 15 = 3*v. What are the prime factors of ((-202)/v)/(3/(-12)*-1)?
2, 101
Suppose -19*d + 27252 = 1849. What are the prime factors of d?
7, 191
Suppose 2*u + 0*u + 2456 = 4*r, 4*u = -3*r + 1853. List the prime factors of r.
3, 5, 41
Let r(l) = 125*l**2 + 24*l - 87. List the prime factors of r(4).
7, 41
Suppose 3*l - 5663 = 1045. List the prime factors of l.
2, 13, 43
Let h = -275 - -377. What are the prime factors of h?
2, 3, 17
Let m(r) = r**2 - 19*r - 14. Let y be m(9). Let v = y - -168. List the prime factors of v.
2
What are the prime factors of 477/(-636)*11048/(-3)?
2, 1381
Suppose 0 = -11*k + 52*k - 29397. List the prime factors of k.
3, 239
Let s(g) = 22*g**3 + 2*g**2 - 2*g - 2. Let c be s(-2). List the prime factors of (-3 + 2)*1/(2/c).
83
Let m(z) = 11*z - 2 - 3 - 9*z. Let h be m(12). Suppose 3*n - h = 41. List the prime factors of n.
2, 5
Let c = -862 + 1232. Suppose -5*z - q = -621, z + 2*q + c = 4*z. List the prime factors of z.
2, 31
Suppose 1349*g - 1357*g = -232. List the prime factors of g.
29
Let j(k) = k + 1. Let w be j(2). Let b = 0 + 3. Suppose -4*q = -6*s + 3*s - 25, -w*q + 24 = b*s. List the prime factors of q.
7
Suppose 2*c - 5*u = -c + 3873, -2*c + u = -2575. List the prime factors of c.
2, 643
Let g = 773 - -243. What are the prime factors of g?
2, 127
Suppose -z + 32 = 2*b, 5*b - 81 = -0*z - 2*z. Let q = b + 12. Suppose 2*i + q = 3*i. List the prime factors of i.
29
Let y(r) = r**3 + 43*r**2 + 93*r + 8. List the prime factors of y(-40).
2, 17
Let i be (-17)/(-4) + 2/(-8). Suppose 3*r + 0*r = 3*o + 21, -5*r - 1 = 4*o. Suppose r*v = 5*q - 33, -2 = -q - 0*v - i*v. List the prime factors of q.
2, 3
Suppose 219 = 4*w - 193. Suppose 3*l + w = 325. List the prime factors of l.
2, 37
Suppose 0 = 4*f + f - 55. Suppose -12*k = -f*k - 237. List the prime factors of k.
3, 79
Let k(q) = q**3 + 6*q**2 + 4*q + 2. Let p be k(-2). Let b be p/4 - 1/(-2). List the prime factors of (-9)/(b - 0) + 24.
3, 7
Suppose 11*v - 36 + 14 = 0. Suppose -8*x - 312 = -4*n - 4*x, 5*n = 4*x + 393. Suppose f + v*f = n. List the prime factors of f.
3
Let m be 11*49*(10 + -11). What are the prime factors of (0 - 3830/(-14)) + 308/m?
3, 7, 13
Suppose 2*x + 3569 = g, 0 = -4*g + 3*g - 3*x + 3574. What are the prime factors of g?
3571
Suppose -b - 4*b = -195. Let q(o) = -o**2 - 12*o - 26. Let x be q(-4). Suppose x*y + b = w + y, -y = -4*w + 213. List the prime factors of w.
2, 3
Let n be (36/126)/(2/14). Suppose -4*m + 1030 = -n*k, 1301 = 5*m + 2*k - 0*k. List the prime factors of m.
7, 37
Let w(c) = -17*c**3 - 5*c**2 + 2*c + 1. Let u(k) = 17*k**3 + 4*k**2 - k. Let z(i) = -5*u(i) - 4*w(i). List the prime factors of z(-1).
2
Let x be (-74)/(-26) - 14/(-91). Suppose -d + 2 = -x. Suppose d*c = -4*b + 110, b + 0*b = -c + 23. List the prime factors of c.
2, 3
Suppose -5*v + 3*y + 5 = 0, 0*y = -5*y + 25. Let s(j) = 4*j**2 - 2*j + 3. Let w be s(4). Suppose -v*n - n = -r + w, r = -n + 41. List the prime factors of r.
2, 11
Let k = -25 - -24. List the prime factors of (4 + 0 + k)*12.
2, 3
Let r be (11 - 7) + 2 + -2. Suppose -63 = r*z - z. Let y = z - -24. What are the prime factors of y?
3
Let i(l) = -35*l - 208. Let p be i(-6). Let a be (21/(-4))/(5/(-20)). Suppose -3 = -p*v + a. List the prime factors of v.
2, 3
Suppose 3*z = 55*z - 31720. List the prime factors of z.
2, 5, 61
Let x(c) = -c**3 + 14*c**2 + 17*c - 12. List the prime factors of x(9).
2, 3, 7, 13
Let k(f) = 574*f + 235. List the prime factors of k(6).
13, 283
Suppose -s = -4*s + 9, 51 = -2*f + 3*s. What are the prime factors of (22/6 + 1)/(f/(-315))?
2, 5, 7
Suppose -5*y - 5*h + 50 = 0, -3*y + 4*h + 14 = -37. Suppose -f + 2*d + 5 = 0, y = 3*f - 4*d - 8. Suppose -2*j = -j - f. List the prime factors of j.
11
Let b = -90 - -230. What are the prime factors of b?
2, 5, 7
What are the prime factors of (-6590)/(-15) - 84/63?
2, 3, 73
Suppose 944*o = 943*o + 941. What are the prime factors of o?
941
Suppose -24*n - 47518 = -47*n. List the prime factors of n.
2, 1033
Let h(d) = d**3 - 16*d**2 + 4*d - 3. Let c = 50 - 34. What are the prime factors of